{"id":2614,"date":"2023-08-04T01:06:02","date_gmt":"2023-08-04T04:06:02","guid":{"rendered":"https:\/\/carneada.com\/?page_id=2614"},"modified":"2024-03-21T14:45:02","modified_gmt":"2024-03-21T17:45:02","slug":"formas-de-pago-y-reserva","status":"publish","type":"page","link":"https:\/\/carneada.com\/index.php\/formas-de-pago-y-reserva\/","title":{"rendered":"Formas de Pago y Reserva"},"content":{"rendered":"\t\t<div data-elementor-type=\"wp-page\" data-elementor-id=\"2614\" class=\"elementor elementor-2614\" data-elementor-post-type=\"page\">\n\t\t\t\t\t\t<section class=\"elementor-section elementor-top-section elementor-element elementor-element-10caf30 elementor-section-stretched elementor-section-boxed elementor-section-height-default elementor-section-height-default elementor-invisible\" data-id=\"10caf30\" data-element_type=\"section\" data-settings=\"{&quot;animation&quot;:&quot;fadeIn&quot;,&quot;stretch_section&quot;:&quot;section-stretched&quot;}\">\n\t\t\t\t\t\t<div class=\"elementor-container elementor-column-gap-default\">\n\t\t\t\t\t<div class=\"elementor-column elementor-col-50 elementor-top-column elementor-element elementor-element-7e27e17\" data-id=\"7e27e17\" data-element_type=\"column\">\n\t\t\t<div class=\"elementor-widget-wrap elementor-element-populated\">\n\t\t\t\t\t\t<div class=\"elementor-element elementor-element-6d8d2d0 elementor-widget elementor-widget-text-editor\" data-id=\"6d8d2d0\" data-element_type=\"widget\" data-widget_type=\"text-editor.default\">\n\t\t\t\t<div class=\"elementor-widget-container\">\n\t\t\t\t\t\t\t\t\t<p>Antes de realizar cualquier pago consultar si hay <strong>CUPOS DISPONIBLES<\/strong>, luego de confirmado el mismo realizar el proceso de inscripci\u00f3n.<\/p>\t\t\t\t\t\t\t\t<\/div>\n\t\t\t\t<\/div>\n\t\t\t\t\t<\/div>\n\t\t<\/div>\n\t\t\t\t<div class=\"elementor-column elementor-col-50 elementor-top-column elementor-element elementor-element-6a975a3\" data-id=\"6a975a3\" data-element_type=\"column\">\n\t\t\t<div class=\"elementor-widget-wrap elementor-element-populated\">\n\t\t\t\t\t\t<div class=\"elementor-element elementor-element-5110691 elementor-widget__width-auto elementor-view-default elementor-widget elementor-widget-icon\" data-id=\"5110691\" data-element_type=\"widget\" data-widget_type=\"icon.default\">\n\t\t\t\t<div class=\"elementor-widget-container\">\n\t\t\t\t\t\t\t<div class=\"elementor-icon-wrapper\">\n\t\t\t<div class=\"elementor-icon\">\n\t\t\t<i aria-hidden=\"true\" class=\"fab fa-whatsapp\"><\/i>\t\t\t<\/div>\n\t\t<\/div>\n\t\t\t\t\t\t<\/div>\n\t\t\t\t<\/div>\n\t\t\t\t<div class=\"elementor-element elementor-element-926e70e elementor-widget__width-auto elementor-widget elementor-widget-heading\" data-id=\"926e70e\" data-element_type=\"widget\" data-widget_type=\"heading.default\">\n\t\t\t\t<div class=\"elementor-widget-container\">\n\t\t\t\t\t<h2 class=\"elementor-heading-title elementor-size-default\">+54 9 11 2393 0494<\/h2>\t\t\t\t<\/div>\n\t\t\t\t<\/div>\n\t\t\t\t\t<\/div>\n\t\t<\/div>\n\t\t\t\t\t<\/div>\n\t\t<\/section>\n\t\t\t\t<section class=\"elementor-section elementor-top-section elementor-element elementor-element-06a7f8c elementor-section-stretched elementor-section-boxed elementor-section-height-default elementor-section-height-default elementor-invisible\" data-id=\"06a7f8c\" data-element_type=\"section\" data-settings=\"{&quot;animation&quot;:&quot;fadeIn&quot;,&quot;stretch_section&quot;:&quot;section-stretched&quot;}\">\n\t\t\t\t\t\t<div class=\"elementor-container elementor-column-gap-default\">\n\t\t\t\t\t<div class=\"elementor-column elementor-col-100 elementor-top-column elementor-element elementor-element-bf1a0cf\" data-id=\"bf1a0cf\" data-element_type=\"column\">\n\t\t\t<div class=\"elementor-widget-wrap elementor-element-populated\">\n\t\t\t\t\t\t<div class=\"elementor-element elementor-element-57023df elementor-widget-divider--view-line_icon elementor-view-default elementor-widget-divider--element-align-center elementor-widget elementor-widget-divider\" data-id=\"57023df\" data-element_type=\"widget\" data-widget_type=\"divider.default\">\n\t\t\t\t<div class=\"elementor-widget-container\">\n\t\t\t\t\t\t\t<div class=\"elementor-divider\">\n\t\t\t<span class=\"elementor-divider-separator\">\n\t\t\t\t\t\t\t<div class=\"elementor-icon elementor-divider__element\">\n\t\t\t\t\t<svg xmlns=\"http:\/\/www.w3.org\/2000\/svg\" xmlns:xlink=\"http:\/\/www.w3.org\/1999\/xlink\" id=\"Capa_1\" data-name=\"Capa 1\" viewBox=\"0 0 512 512\"><defs><style>.cls-1{fill:url(#Degradado_sin_nombre_41);}.cls-2{fill:#fff;}<\/style><linearGradient id=\"Degradado_sin_nombre_41\" y1=\"258.2\" x2=\"512\" y2=\"258.2\" gradientUnits=\"userSpaceOnUse\"><stop offset=\"0\" stop-color=\"#d2091e\"><\/stop><stop offset=\"0.3\" stop-color=\"#cf0b1f\"><\/stop><stop offset=\"0.47\" stop-color=\"#c71020\"><\/stop><stop offset=\"0.57\" stop-color=\"#be1622\"><\/stop><stop offset=\"1\" stop-color=\"#b51923\"><\/stop><\/linearGradient><\/defs><title>logo CARNEADA<\/title><circle class=\"cls-1\" cx=\"256\" cy=\"258.2\" r=\"256\"><\/circle><path class=\"cls-2\" d=\"M418.06,194.12l-22.7-27.62c1.14,63-72.62,84-72.62,84C413.24,237.76,418.06,194.12,418.06,194.12Z\"><\/path><path class=\"cls-2\" d=\"M395.36,347.2l22.7-27.62s-4.82-43.64-95.32-56.35C322.74,263.23,396.5,284.22,395.36,347.2Z\"><\/path><polygon class=\"cls-2\" points=\"457.19 275.1 495.37 256.85 457.19 238.6 366.43 256.85 457.19 275.1\"><\/polygon><path class=\"cls-2\" d=\"M371.7,386.27C371.7,439.16,337.13,481,281,481H228.18c-55.45,0-91.34-41.83-91.34-94.72v-262c0-52.89,35.89-94.72,91.34-94.72H281c56.11,0,90.68,41.83,90.68,94.72V183.9H300.59l9.79-52.28C308.42,95.94,294.07,88,254.27,88c-38.49,0-55.45,16-55.45,52.9V369.66c0,36.9,17,52.9,55.45,52.9,39.8,0,54.15-6.77,56.11-43.06l-9.79-52.28H371.7Z\"><\/path><\/svg><\/div>\n\t\t\t\t\t\t<\/span>\n\t\t<\/div>\n\t\t\t\t\t\t<\/div>\n\t\t\t\t<\/div>\n\t\t\t\t<div class=\"elementor-element elementor-element-0cbbe16 elementor-widget elementor-widget-text-editor\" data-id=\"0cbbe16\" data-element_type=\"widget\" data-widget_type=\"text-editor.default\">\n\t\t\t\t<div class=\"elementor-widget-container\">\n\t\t\t\t\t\t\t\t\t<p>El costo del evento incluye:<\/p>\t\t\t\t\t\t\t\t<\/div>\n\t\t\t\t<\/div>\n\t\t\t\t<div class=\"elementor-element elementor-element-9f5d251 elementor-widget elementor-widget-text-editor\" data-id=\"9f5d251\" data-element_type=\"widget\" data-widget_type=\"text-editor.default\">\n\t\t\t\t<div class=\"elementor-widget-container\">\n\t\t\t\t\t\t\t\t\t<ul><li><strong>Incluye una experiencia que no olvidar\u00e1s en tu vida<\/strong><\/li><li>Material te\u00f3rico y recetas<\/li><li>Materias primas e insumos<\/li><li>Desayuno, almuerzo y cena<\/li><li>Bebidas<\/li><\/ul>\t\t\t\t\t\t\t\t<\/div>\n\t\t\t\t<\/div>\n\t\t\t\t\t<\/div>\n\t\t<\/div>\n\t\t\t\t\t<\/div>\n\t\t<\/section>\n\t\t\t\t<section class=\"elementor-section elementor-top-section elementor-element elementor-element-3d96b62 elementor-section-boxed elementor-section-height-default elementor-section-height-default elementor-invisible\" data-id=\"3d96b62\" data-element_type=\"section\" data-settings=\"{&quot;animation&quot;:&quot;fadeIn&quot;}\">\n\t\t\t\t\t\t<div class=\"elementor-container elementor-column-gap-default\">\n\t\t\t\t\t<div class=\"elementor-column elementor-col-100 elementor-top-column elementor-element elementor-element-2f4fb94\" data-id=\"2f4fb94\" data-element_type=\"column\">\n\t\t\t<div class=\"elementor-widget-wrap elementor-element-populated\">\n\t\t\t\t\t\t<div class=\"elementor-element elementor-element-06d79b6 elementor-widget elementor-widget-heading\" data-id=\"06d79b6\" data-element_type=\"widget\" data-widget_type=\"heading.default\">\n\t\t\t\t<div class=\"elementor-widget-container\">\n\t\t\t\t\t<h2 class=\"elementor-heading-title elementor-size-default\">No incluye alojamiento ni traslados.<\/h2>\t\t\t\t<\/div>\n\t\t\t\t<\/div>\n\t\t\t\t<div class=\"elementor-element elementor-element-3ae3114 elementor-widget elementor-widget-spacer\" data-id=\"3ae3114\" data-element_type=\"widget\" data-widget_type=\"spacer.default\">\n\t\t\t\t<div class=\"elementor-widget-container\">\n\t\t\t\t\t\t\t<div class=\"elementor-spacer\">\n\t\t\t<div class=\"elementor-spacer-inner\"><\/div>\n\t\t<\/div>\n\t\t\t\t\t\t<\/div>\n\t\t\t\t<\/div>\n\t\t\t\t\t<\/div>\n\t\t<\/div>\n\t\t\t\t\t<\/div>\n\t\t<\/section>\n\t\t\t\t<\/div>\n\t\t","protected":false},"excerpt":{"rendered":"<p>Antes de realizar cualquier pago consultar si hay CUPOS DISPONIBLES, luego de confirmado el mismo realizar el proceso de inscripci\u00f3n. +54 9 11 2393 0494 logo CARNEADA El costo del evento incluye: Incluye una experiencia que no olvidar\u00e1s en tu vida Material te\u00f3rico y recetas Materias primas e insumos Desayuno, almuerzo y cena Bebidas No [&hellip;]<\/p>\n","protected":false},"author":1,"featured_media":0,"parent":0,"menu_order":0,"comment_status":"closed","ping_status":"closed","template":"","meta":{"_joinchat":[],"footnotes":""},"class_list":["post-2614","page","type-page","status-publish","hentry"],"_links":{"self":[{"href":"https:\/\/carneada.com\/index.php\/wp-json\/wp\/v2\/pages\/2614","targetHints":{"allow":["GET"]}}],"collection":[{"href":"https:\/\/carneada.com\/index.php\/wp-json\/wp\/v2\/pages"}],"about":[{"href":"https:\/\/carneada.com\/index.php\/wp-json\/wp\/v2\/types\/page"}],"author":[{"embeddable":true,"href":"https:\/\/carneada.com\/index.php\/wp-json\/wp\/v2\/users\/1"}],"replies":[{"embeddable":true,"href":"https:\/\/carneada.com\/index.php\/wp-json\/wp\/v2\/comments?post=2614"}],"version-history":[{"count":124,"href":"https:\/\/carneada.com\/index.php\/wp-json\/wp\/v2\/pages\/2614\/revisions"}],"predecessor-version":[{"id":4567,"href":"https:\/\/carneada.com\/index.php\/wp-json\/wp\/v2\/pages\/2614\/revisions\/4567"}],"wp:attachment":[{"href":"https:\/\/carneada.com\/index.php\/wp-json\/wp\/v2\/media?parent=2614"}],"curies":[{"name":"wp","href":"https:\/\/api.w.org\/{rel}","templated":true}]}}