{"id":2809,"date":"2023-08-08T15:16:30","date_gmt":"2023-08-08T18:16:30","guid":{"rendered":"https:\/\/carneada.com\/?page_id=2809"},"modified":"2024-03-21T14:45:02","modified_gmt":"2024-03-21T17:45:02","slug":"cronograma-de-actividades","status":"publish","type":"page","link":"https:\/\/carneada.com\/index.php\/cronograma-de-actividades\/","title":{"rendered":"Cronograma de Actividades"},"content":{"rendered":"\t\t<div data-elementor-type=\"wp-page\" data-elementor-id=\"2809\" class=\"elementor elementor-2809\" data-elementor-post-type=\"page\">\n\t\t\t\t\t\t<section class=\"elementor-section elementor-top-section elementor-element elementor-element-af676c6 elementor-section-stretched elementor-section-boxed elementor-section-height-default elementor-section-height-default elementor-invisible\" data-id=\"af676c6\" data-element_type=\"section\" data-settings=\"{&quot;animation&quot;:&quot;fadeIn&quot;,&quot;stretch_section&quot;:&quot;section-stretched&quot;}\">\n\t\t\t\t\t\t<div class=\"elementor-container elementor-column-gap-default\">\n\t\t\t\t\t<div class=\"elementor-column elementor-col-100 elementor-top-column elementor-element elementor-element-9e9763a\" data-id=\"9e9763a\" data-element_type=\"column\">\n\t\t\t<div class=\"elementor-widget-wrap elementor-element-populated\">\n\t\t\t\t\t\t<div class=\"elementor-element elementor-element-52d16c3 elementor-widget elementor-widget-heading\" data-id=\"52d16c3\" data-element_type=\"widget\" data-widget_type=\"heading.default\">\n\t\t\t\t<div class=\"elementor-widget-container\">\n\t\t\t\t\t<h2 class=\"elementor-heading-title elementor-size-default\">PRIMER DIA<\/h2>\t\t\t\t<\/div>\n\t\t\t\t<\/div>\n\t\t\t\t<div class=\"elementor-element elementor-element-3883e5b animated-fast elementor-invisible elementor-widget elementor-widget-Table\" data-id=\"3883e5b\" data-element_type=\"widget\" data-settings=\"{&quot;_animation&quot;:&quot;zoomIn&quot;}\" data-widget_type=\"Table.default\">\n\t\t\t\t<div class=\"elementor-widget-container\">\n\t\t\t\t\t\t\t<table class=\"tafe-table \">\n\t\t\t<thead  class=\"tafe-table-header\">\n\t\t\t\t<tr>\n\t\t\t\t\t<th class=\"elementor-inline-editing elementor-repeater-item-e80ff17\"   >HORARIO<\/th><th class=\"elementor-inline-editing elementor-repeater-item-1ce6a39\"   >ACTIVIDAD<\/th>\t\t\t\t<\/tr>\n\t\t\t<\/thead>\n\t\t\t\t\t\t<tbody class=\"tafe-table-body\">\n\t\t\t\t<tr>\n\t\t\t\t\t<td data-label=\"HORARIO\"   class=\"elementor-repeater-item-1ca8bdd td-content-type-default\" >7:30 hs<\/td><td data-label=\"ACTIVIDAD\"   class=\"elementor-repeater-item-d04b99a td-content-type-default\" >Recepci\u00f3n<\/td><\/tr><tr><td data-label=\"HORARIO\"   class=\"elementor-repeater-item-5deb651 td-content-type-default\" >8:00 hs<\/td><td data-label=\"ACTIVIDAD\"   class=\"elementor-repeater-item-a62f1d3 td-content-type-default\" >Desayuno y presentaci\u00f3n <\/td><\/tr><tr><td data-label=\"HORARIO\"   class=\"elementor-repeater-item-2cea79b td-content-type-default\" >9:00 hs<\/td><td data-label=\"ACTIVIDAD\"   class=\"elementor-repeater-item-45d6d6e td-content-type-default\" >Faena, pelado y desposte por profesional veterinario<\/td><\/tr><tr><td data-label=\"HORARIO\"   class=\"elementor-repeater-item-550af67 td-content-type-default\" >11:00 hs<\/td><td data-label=\"ACTIVIDAD\"   class=\"elementor-repeater-item-55ca528 td-content-type-default\" >Exposici\u00f3n sobre an\u00e1lisis por parte del \u00e1rea de Bromatolog\u00eda de la Municipalidad de Capit\u00e1n Sarmiento. Comienzo con conceptos te\u00f3ricos por parte de Marcelo<\/td><\/tr><tr><td data-label=\"HORARIO\"   class=\"elementor-repeater-item-3f4968b td-content-type-default\" >13:30 hs<\/td><td data-label=\"ACTIVIDAD\"   class=\"elementor-repeater-item-257c243 td-content-type-default\" >Almuerzo a cargo de Sebastian Iraola<\/td><\/tr><tr><td data-label=\"HORARIO\"   class=\"elementor-repeater-item-9789f68 td-content-type-default\" >14:30 hs<\/td><td data-label=\"ACTIVIDAD\"   class=\"elementor-repeater-item-dd63a72 td-content-type-default\" >Recorrido por corrales y vista de animales e instalaciones a cargo de Nicolas Iguacel <\/td><\/tr><tr><td data-label=\"HORARIO\"   class=\"elementor-repeater-item-b5bf795 td-content-type-default\" >14:30 hs<\/td><td data-label=\"ACTIVIDAD\"   class=\"elementor-repeater-item-0f43c04 td-content-type-default\" >Elaboraci\u00f3n de diferentes productos frescos<\/td><\/tr><tr><td data-label=\"HORARIO\"   class=\"elementor-repeater-item-6c4c49a td-content-type-default\" >19:00 hs<\/td><td data-label=\"ACTIVIDAD\"   class=\"elementor-repeater-item-9c9f2ff td-content-type-default\" >Preparaci\u00f3n de fog\u00f3n, cena y guitarreada a cargo del Chef Sebastian Iraola<\/td><\/tr><tr><td data-label=\"HORARIO\"   class=\"elementor-repeater-item-ba96c69 td-content-type-default\" >22:00 hs<\/td><td data-label=\"ACTIVIDAD\"   class=\"elementor-repeater-item-d5d9fde td-content-type-default\" >Finalizaci\u00f3n de la jornada<\/td>\t\t\t\t<\/tr>\n\t\t\t<\/tbody>\n\t\t<\/table>\n\t\t\n\t\t\t\t\t\t<\/div>\n\t\t\t\t<\/div>\n\t\t\t\t<div class=\"elementor-element elementor-element-8dc18da elementor-widget elementor-widget-heading\" data-id=\"8dc18da\" data-element_type=\"widget\" data-widget_type=\"heading.default\">\n\t\t\t\t<div class=\"elementor-widget-container\">\n\t\t\t\t\t<h2 class=\"elementor-heading-title elementor-size-default\">SEGUNDO DIA<\/h2>\t\t\t\t<\/div>\n\t\t\t\t<\/div>\n\t\t\t\t<div class=\"elementor-element elementor-element-f421cae animated-fast elementor-invisible elementor-widget elementor-widget-Table\" data-id=\"f421cae\" data-element_type=\"widget\" data-settings=\"{&quot;_animation&quot;:&quot;zoomIn&quot;}\" data-widget_type=\"Table.default\">\n\t\t\t\t<div class=\"elementor-widget-container\">\n\t\t\t\t\t\t\t<table class=\"tafe-table \">\n\t\t\t<thead  class=\"tafe-table-header\">\n\t\t\t\t<tr>\n\t\t\t\t\t<th class=\"elementor-inline-editing elementor-repeater-item-e80ff17\"   >HORARIO<\/th><th class=\"elementor-inline-editing elementor-repeater-item-1ce6a39\"   >ACTIVIDAD<\/th>\t\t\t\t<\/tr>\n\t\t\t<\/thead>\n\t\t\t\t\t\t<tbody class=\"tafe-table-body\">\n\t\t\t\t<tr>\n\t\t\t\t\t<td data-label=\"HORARIO\"   class=\"elementor-repeater-item-1ca8bdd td-content-type-default\" >7:30 hs<\/td><td data-label=\"ACTIVIDAD\"   class=\"elementor-repeater-item-d04b99a td-content-type-default\" >Recepci\u00f3n<\/td><\/tr><tr><td data-label=\"HORARIO\"   class=\"elementor-repeater-item-5deb651 td-content-type-default\" >8:00 hs<\/td><td data-label=\"ACTIVIDAD\"   class=\"elementor-repeater-item-a62f1d3 td-content-type-default\" >Desayuno y presentaci\u00f3n <\/td><\/tr><tr><td data-label=\"HORARIO\"   class=\"elementor-repeater-item-2cea79b td-content-type-default\" >9:00 hs<\/td><td data-label=\"ACTIVIDAD\"   class=\"elementor-repeater-item-45d6d6e td-content-type-default\" >Elaboraci\u00f3n de secos y salazones a cargo de Marcelo<\/td><\/tr><tr><td data-label=\"HORARIO\"   class=\"elementor-repeater-item-550af67 td-content-type-default\" >13:30 hs<\/td><td data-label=\"ACTIVIDAD\"   class=\"elementor-repeater-item-55ca528 td-content-type-default\" >Almuerzo <\/td><\/tr><tr><td data-label=\"HORARIO\"   class=\"elementor-repeater-item-3f4968b td-content-type-default\" >14:30 hs<\/td><td data-label=\"ACTIVIDAD\"   class=\"elementor-repeater-item-257c243 td-content-type-default\" >Foro de discusi\u00f3n sobre temas presentados por el equipo y por los participantes<\/td><\/tr><tr><td data-label=\"HORARIO\"   class=\"elementor-repeater-item-9789f68 td-content-type-default\" >15:30 hs<\/td><td data-label=\"ACTIVIDAD\"   class=\"elementor-repeater-item-dd63a72 td-content-type-default\" >Entrega de certificados<\/td><\/tr><tr><td data-label=\"HORARIO\"   class=\"elementor-repeater-item-b5bf795 td-content-type-default\" >16:00 hs<\/td><td data-label=\"ACTIVIDAD\"   class=\"elementor-repeater-item-0f43c04 td-content-type-default\" >Merienda campera y brindis<\/td><\/tr><tr><td data-label=\"HORARIO\"   class=\"elementor-repeater-item-6c4c49a td-content-type-default\" >18:00 hs<\/td><td data-label=\"ACTIVIDAD\"   class=\"elementor-repeater-item-9c9f2ff td-content-type-default\" >Finalizaci\u00f3n del evento<\/td>\t\t\t\t<\/tr>\n\t\t\t<\/tbody>\n\t\t<\/table>\n\t\t\n\t\t\t\t\t\t<\/div>\n\t\t\t\t<\/div>\n\t\t\t\t\t<\/div>\n\t\t<\/div>\n\t\t\t\t\t<\/div>\n\t\t<\/section>\n\t\t\t\t<\/div>\n\t\t","protected":false},"excerpt":{"rendered":"<p>PRIMER DIA HORARIO ACTIVIDAD 7:30 hs Recepci\u00f3n 8:00 hs Desayuno y presentaci\u00f3n 9:00 hs Faena, pelado y desposte por profesional veterinario 11:00 hs Exposici\u00f3n sobre an\u00e1lisis por parte del \u00e1rea de Bromatolog\u00eda de la Municipalidad de Capit\u00e1n Sarmiento. Comienzo con conceptos te\u00f3ricos por parte de Marcelo 13:30 hs Almuerzo a cargo de Sebastian Iraola 14:30 [&hellip;]<\/p>\n","protected":false},"author":1,"featured_media":0,"parent":0,"menu_order":0,"comment_status":"closed","ping_status":"closed","template":"","meta":{"_joinchat":[],"footnotes":""},"class_list":["post-2809","page","type-page","status-publish","hentry"],"_links":{"self":[{"href":"https:\/\/carneada.com\/index.php\/wp-json\/wp\/v2\/pages\/2809","targetHints":{"allow":["GET"]}}],"collection":[{"href":"https:\/\/carneada.com\/index.php\/wp-json\/wp\/v2\/pages"}],"about":[{"href":"https:\/\/carneada.com\/index.php\/wp-json\/wp\/v2\/types\/page"}],"author":[{"embeddable":true,"href":"https:\/\/carneada.com\/index.php\/wp-json\/wp\/v2\/users\/1"}],"replies":[{"embeddable":true,"href":"https:\/\/carneada.com\/index.php\/wp-json\/wp\/v2\/comments?post=2809"}],"version-history":[{"count":193,"href":"https:\/\/carneada.com\/index.php\/wp-json\/wp\/v2\/pages\/2809\/revisions"}],"predecessor-version":[{"id":4621,"href":"https:\/\/carneada.com\/index.php\/wp-json\/wp\/v2\/pages\/2809\/revisions\/4621"}],"wp:attachment":[{"href":"https:\/\/carneada.com\/index.php\/wp-json\/wp\/v2\/media?parent=2809"}],"curies":[{"name":"wp","href":"https:\/\/api.w.org\/{rel}","templated":true}]}}